
What is the greatest common factor of 14 and 2?
2
What is the greatest common factor of 2401 and 7?
7
What is the highest common factor of 7 and 12?
1
Calculate the highest common factor of 1155 and 168.
21
What is the highest common divisor of 1738 and 22?
22
Calculate the greatest common factor of 1724 and 8.
4
Calculate the highest common divisor of 820 and 50.
10
What is the greatest common factor of 14 and 105?
7
What is the highest common divisor of 5 and 684?
1
What is the highest common factor of 6 and 10?
2
Calculate the highest common divisor of 217 and 713.
31
What is the greatest common divisor of 180 and 40?
20
What is the greatest common factor of 4122 and 36?
18
Calculate the greatest common factor of 12 and 10236.
12
Calculate the highest common factor of 54 and 567.
27
Calculate the greatest common divisor of 735 and 21.
21
What is the highest common divisor of 2170 and 62?
62
Calculate the highest common divisor of 24 and 147.
3
Calculate the highest common factor of 253 and 115.
23
Calculate the greatest common divisor of 77 and 2079.
77
Calculate the highest common factor of 57 and 76.
19
What is the greatest common factor of 38 and 19?
19
What is the greatest common divisor of 148 and 7844?
148
What is the greatest common divisor of 9 and 3?
3
What is the greatest common divisor of 18 and 552?
6
What is the greatest common factor of 9 and 2169?
9
Calculate the highest common divisor of 303 and 3.
3
What is the highest common divisor of 174 and 44892?
174
What is the highest common factor of 38 and 1178?
38
Calculate the greatest common divisor of 26 and 117.
13
Calculate the highest common factor of 66 and 2882.
22
Calculate the highest common divisor of 553 and 79.
79
Calculate the greatest common factor of 1130 and 20.
10
Calculate the highest common factor of 385 and 5885.
55
What is the greatest common divisor of 10688 and 128?
64
Calculate the highest common factor of 10 and 70.
10
Calculate the greatest common factor of 6 and 9.
3
Calculate the greatest common divisor of 144 and 63.
9
Calculate the greatest common factor of 5 and 1750.
5
Calculate the greatest common divisor of 153 and 51.
51
Calculate the highest common factor of 145621 and 497.
497
Calculate the greatest common divisor of 17877 and 303.
303
Calculate the highest common factor of 1786 and 799.
47
What is the highest common divisor of 60 and 15?
15
Calculate the highest common factor of 2 and 2236.
2
What is the greatest common divisor of 4 and 3?
1
What is the greatest common factor of 1691 and 19?
19
Calculate the highest common divisor of 4 and 83.
1
What is the highest common factor of 88 and 8?
8
What is the highest common divisor of 301 and 86?
43
Calculate the greatest common factor of 224 and 8176.
112
What is the greatest common divisor of 603 and 9?
9
Calculate the highest common divisor of 464 and 16.
16
Calculate the greatest common factor of 675 and 630.
45
Calculate the highest common divisor of 527 and 62.
31
Calculate the greatest common factor of 219 and 3.
3
What is the highest common factor of 6 and 6?
6
Calculate the highest common divisor of 150 and 22050.
150
What is the highest common divisor of 3120 and 728?
104
What is the greatest common divisor of 303 and 1?
1
What is the highest common factor of 161 and 13041?
161
Calculate the greatest common factor of 3410 and 130.
10
What is the highest common factor of 930 and 868?
62
What is the highest common factor of 48 and 36?
12
Calculate the highest common factor of 3382 and 304.
38
Calculate the highest common divisor of 497 and 14.
7
Calculate the highest common divisor of 384 and 24.
24
Calculate the highest common factor of 1086 and 1448.
362
Calculate the highest common factor of 954 and 106.
106
Calculate the greatest common divisor of 198 and 132.
66
Calculate the highest common divisor of 180 and 660.
60
Calculate the greatest common factor of 2196 and 2684.
244
Calculate the highest common factor of 114929 and 281.
281
What is the highest common divisor of 11421 and 282?
141
What is the greatest common factor of 8 and 13?
1
Calculate the highest common divisor of 26 and 1222.
26
What is the highest common factor of 3 and 450?
3
Calculate the greatest common divisor of 152 and 64.
8
What is the greatest common divisor of 69 and 1081?
23
Calculate the highest common factor of 29075 and 75.
25
What is the greatest common factor of 144 and 18?
18
Calculate the greatest common factor of 156 and 39.
39
What is the greatest common divisor of 29 and 638?
29
What is the greatest common divisor of 5358 and 282?
282
Calculate the greatest common factor of 9 and 12.
3
Calculate the greatest common factor of 90 and 2610.
90
Calculate the highest common divisor of 70 and 5495.
35
What is the highest common factor of 19 and 19?
19
Calculate the greatest common divisor of 7887 and 99.
33
Calculate the greatest common factor of 26 and 1066.
26
Calculate the greatest common factor of 860 and 258.
86
What is the highest common factor of 5100 and 15?
15
Calculate the highest common divisor of 70 and 2290.
10
Calculate the highest common factor of 320 and 40.
40
What is the greatest common factor of 67 and 3149?
67
What is the highest common factor of 96 and 672?
96
Calculate the highest common divisor of 126 and 196.
14
What is the greatest common divisor of 3 and 159?
3
Calculate the greatest common divisor of 792 and 3608.
88
What is the greatest common divisor of 25 and 1825?
25
Calculate the greatest common divisor of 102 and 5406.
102
Calculate the highest common divisor of 251 and 6275.
251
What is the greatest common factor of 23230 and 230?
230
What is the highest common factor of 4 and 388?
4
What is the highest common divisor of 42 and 35784?
42
Calculate the greatest common factor of 255 and 32385.
255
What is the greatest common factor of 70 and 3010?
70
Calculate the highest common divisor of 5143 and 278.
139
What is the highest common factor of 19 and 16948?
19
What is the greatest common divisor of 80 and 980?
20
What is the highest common divisor of 95 and 285?
95
Calculate the greatest common divisor of 649 and 11.
11
What is the greatest common factor of 2472 and 1030?
206
Calculate the greatest common factor of 38 and 950.
38
Calculate the highest common divisor of 16 and 184.
8
Calculate the greatest common divisor of 989 and 43.
43
What is the greatest common factor of 66 and 231?
33
Calculate the highest common factor of 40 and 1320.
40
What is the highest common divisor of 3000 and 100?
100
Calculate the highest common divisor of 3 and 339.
3
Calculate the greatest common factor of 4848 and 30.
6
What is the highest common factor of 232 and 29?
29
What is the highest common factor of 141 and 2961?
141
What is the highest common factor of 128 and 1072?
16
Calculate the highest common divisor of 348 and 144.
12
Calculate the greatest common divisor of 9 and 129.
3
Calculate the greatest common factor of 55 and 18095.
55
Calculate the highest common divisor of 20 and 610.
10
What is the highest common factor of 21 and 14?
7
What is the greatest common divisor of 98198 and 74?
74
What is the highest common factor of 6 and 498?
6
Calculate the greatest common factor of 3 and 321.
3
What is the highest common factor of 1770 and 750?
30
Calculate the highest common divisor of 147 and 48.
3
What is the greatest common divisor of 620 and 20?
20
What is the greatest common divisor of 1 and 7?
1
Calculate the highest common divisor of 99 and 657.
9
Calculate the highest common divisor of 90 and 198.
18
Calculate the greatest common factor of 882 and 98.
98
What is the highest common divisor of 288 and 51?
3
What is the greatest common factor of 40 and 920?
40
Calculate the highest common divisor of 1 and 283.
1
Calculate the highest common factor of 320 and 260.
20
Calculate the greatest common divisor of 950 and 250.
50
Calculate the highest common factor of 162 and 18.
18
What is the greatest common factor of 152 and 19?
19
Calculate the highest common divisor of 14 and 798.
14
What is the greatest common divisor of 328 and 744?
8
What is the greatest common divisor of 78 and 8307?
39
Calculate the greatest common factor of 166 and 6557.
83
What is the greatest common 